{"id":5509,"date":"2020-01-21T14:38:33","date_gmt":"2020-01-21T12:38:33","guid":{"rendered":"https:\/\/www.weingut-steininger.at\/?post_type=product&#038;p=5509"},"modified":"2025-01-15T12:56:28","modified_gmt":"2025-01-15T10:56:28","slug":"gruener-veltliner-grand-grue-kamptal-dac-reserve-1995","status":"publish","type":"product","link":"https:\/\/www.weingut-steininger.at\/en\/online-vinothek\/weine\/gruener-veltliner-grand-grue-kamptal-dac-reserve-1995\/","title":{"rendered":"Gr\u00fcner Veltliner Grand Gr\u00fc Kamptal DAC Reserve 1995"},"content":{"rendered":"\t\t<div data-elementor-type=\"product-post\" data-elementor-id=\"5509\" class=\"elementor elementor-5509\" data-elementor-post-type=\"product\">\n\t\t\t\t<div class=\"elementor-element elementor-element-69f7bbc0 e-flex e-con-boxed e-con e-parent\" data-id=\"69f7bbc0\" data-element_type=\"container\" data-e-type=\"container\">\n\t\t\t\t\t<div class=\"e-con-inner\">\n\t\t\t\t<div class=\"elementor-element elementor-element-9f725f8 elementor-widget elementor-widget-button\" data-id=\"9f725f8\" data-element_type=\"widget\" data-e-type=\"widget\" data-widget_type=\"button.default\">\n\t\t\t\t<div class=\"elementor-widget-container\">\n\t\t\t\t\t\t\t\t\t<div class=\"elementor-button-wrapper\">\n\t\t\t\t\t<a class=\"elementor-button elementor-button-link elementor-size-md\" href=\"#elementor-action%3Aaction%3Dpopup%3Aopen%26settings%3DeyJpZCI6MTUxMDIsInRvZ2dsZSI6ZmFsc2V9\">\n\t\t\t\t\t\t<span class=\"elementor-button-content-wrapper\">\n\t\t\t\t\t\t\t\t\t<span class=\"elementor-button-text\">Jetzt eine Anfrage senden<\/span>\n\t\t\t\t\t<\/span>\n\t\t\t\t\t<\/a>\n\t\t\t\t<\/div>\n\t\t\t\t\t\t\t\t<\/div>\n\t\t\t\t<\/div>\n\t\t\t\t<div class=\"elementor-element elementor-element-5973f57 elementor-widget elementor-widget-text-editor\" data-id=\"5973f57\" data-element_type=\"widget\" data-e-type=\"widget\" data-widget_type=\"text-editor.default\">\n\t\t\t\t<div class=\"elementor-widget-container\">\n\t\t\t\t\t\t\t\t\t<h2><a name=\"_Toc17281784\"><\/a>Weinjahr 1995<\/h2>\r\nIm Juli gab es eine <a href=\"https:\/\/www.oesterreichwein.at\/unser-wein\/weinglossar-von-a-z\/?tx_a21glossary%5Buid%5D=502&amp;cHash=f54e9fa9c9eed75d13a60e955f66a42b\">lang<\/a> anhaltende Hitzeperiode und gut verteilte Niederschl\u00e4ge. Im August hingegen setzten ung\u00fcnstige Witterungsverh\u00e4ltnisse ein, dies f\u00fchrte zu <a href=\"https:\/\/www.oesterreichwein.at\/unser-wein\/weinglossar-von-a-z\/?tx_a21glossary%5Buid%5D=599&amp;cHash=8cd61a2b81f534e7e906d1837b75bd49\">Oidium<\/a>-Probleme. Eine kalte und nasse Witterungsperiode in der ersten Septemberh\u00e4lfte war verantwortlich f\u00fcr verbreitete Traubenf\u00e4ulnisse.\r\n\r\nDie Zuckerwerte entwickelten sich trotzdem gut, nach langer Zeit gab es wieder gute S\u00e4urewerte. Anfang Oktober, nach ausreichender Prim\u00e4rinfektion mit Botrytis cinerea, setzte eine <a href=\"https:\/\/www.oesterreichwein.at\/unser-wein\/weinglossar-von-a-z\/?tx_a21glossary%5Buid%5D=873&amp;cHash=32beb48e5d9044204a82a50e6e6a5549\">trocken<\/a>-warme Periode ein. Die meist guten S\u00e4urewerte gaben den Weinen R\u00fcckgrat, sodass es in allen Gebieten Weine von recht guter <a href=\"https:\/\/www.oesterreichwein.at\/unser-wein\/weinglossar-von-a-z\/?tx_a21glossary%5Buid%5D=651&amp;cHash=6f0d86eaa8efe36a8f88d34d24b97c5d\">Qualit\u00e4t<\/a> gab. Der Jahrgang kann in Summe als ausgezeichneter Pr\u00e4dikatsweinjahrgang bezeichnet werden.\t\t\t\t\t\t\t\t<\/div>\n\t\t\t\t<\/div>\n\t\t\t\t\t<\/div>\n\t\t\t\t<\/div>\n\t\t\t\t<\/div>\n\t\t","protected":false},"excerpt":{"rendered":"<p>Kostnotizen Familie Steininger<\/p>\n<p>Durch den nassen niederschlagsreichen Herbst hatten wir in unserem Gebiet mit sehr starken Botrytisdruck zu k\u00e4mpfen. Durch exaktes Aussortieren der Trauben stiegen die Zuckerwerte und somit auch der Alkoholgehalt und die Extraktwerte. 1995 war der erste Jahrgang unseres Markenweines \u201eGr\u00fcner Veltliner Grand Gr\u00fc\u201c &#8211; der Anfang einer Erfolgsgeschichte. Der Grand Gr\u00fc 1995 ist leider nur in der Halbliterflasche abgef\u00fcllt.&nbsp;<\/p>\n<h4>19 von 20 Punkten<\/h4>\n<p>Preis auf Anfrage: office@weingut-steininger.at<\/p>\n","protected":false},"featured_media":0,"template":"","meta":{"_acf_changed":false},"product_brand":[],"product_cat":[729,363,303],"product_tag":[],"class_list":{"0":"post-5509","1":"product","2":"type-product","3":"status-publish","5":"product_cat-altweinkeller","6":"product_cat-gereifte-weine","7":"product_cat-gereifte-weine-sekte","8":"pa_gebinde-05-liter","9":"pa_jahrgang-343","10":"pa_rebsorte-gv","12":"first","13":"instock","14":"taxable","15":"shipping-taxable","16":"product-type-simple"},"bundled_by":[],"bundle_stock_status":"instock","bundle_stock_quantity":null,"bundle_virtual":false,"bundle_layout":"","bundle_add_to_cart_form_location":"","bundle_editable_in_cart":false,"bundle_sold_individually_context":"","bundle_item_grouping":"","bundle_min_size":"","bundle_max_size":"","bundle_price":[],"bundled_items":[],"bundle_sell_ids":[],"acf":[],"_links":{"self":[{"href":"https:\/\/www.weingut-steininger.at\/en\/wp-json\/wp\/v2\/product\/5509","targetHints":{"allow":["GET"]}}],"collection":[{"href":"https:\/\/www.weingut-steininger.at\/en\/wp-json\/wp\/v2\/product"}],"about":[{"href":"https:\/\/www.weingut-steininger.at\/en\/wp-json\/wp\/v2\/types\/product"}],"version-history":[{"count":2,"href":"https:\/\/www.weingut-steininger.at\/en\/wp-json\/wp\/v2\/product\/5509\/revisions"}],"predecessor-version":[{"id":18409,"href":"https:\/\/www.weingut-steininger.at\/en\/wp-json\/wp\/v2\/product\/5509\/revisions\/18409"}],"wp:attachment":[{"href":"https:\/\/www.weingut-steininger.at\/en\/wp-json\/wp\/v2\/media?parent=5509"}],"wp:term":[{"taxonomy":"product_brand","embeddable":true,"href":"https:\/\/www.weingut-steininger.at\/en\/wp-json\/wp\/v2\/product_brand?post=5509"},{"taxonomy":"product_cat","embeddable":true,"href":"https:\/\/www.weingut-steininger.at\/en\/wp-json\/wp\/v2\/product_cat?post=5509"},{"taxonomy":"product_tag","embeddable":true,"href":"https:\/\/www.weingut-steininger.at\/en\/wp-json\/wp\/v2\/product_tag?post=5509"}],"curies":[{"name":"wp","href":"https:\/\/api.w.org\/{rel}","templated":true}]}}

Grüner Veltliner Grand Grü Kamptal DAC Reserve 1995

<div data-elementor-type="product-post" data-elementor-id="5509" class="elementor elementor-5509" data-elementor-post-type="product">
				<div class="elementor-element elementor-element-69f7bbc0 e-flex e-con-boxed e-con e-parent" data-id="69f7bbc0" data-element_type="container" data-e-type="container">
					<div class="e-con-inner">
				<div class="elementor-element elementor-element-9f725f8 elementor-widget elementor-widget-button" data-id="9f725f8" data-element_type="widget" data-e-type="widget" data-widget_type="button.default">
				<div class="elementor-widget-container">
									<div class="elementor-button-wrapper">
					<a class="elementor-button elementor-button-link elementor-size-md" href="#elementor-action%3Aaction%3Dpopup%3Aopen%26settings%3DeyJpZCI6MTUxMDIsInRvZ2dsZSI6ZmFsc2V9">
						<span class="elementor-button-content-wrapper">
									<span class="elementor-button-text">Jetzt eine Anfrage senden</span>
					</span>
					</a>
				</div>
								</div>
				</div>
				<div class="elementor-element elementor-element-5973f57 elementor-widget elementor-widget-text-editor" data-id="5973f57" data-element_type="widget" data-e-type="widget" data-widget_type="text-editor.default">
				<div class="elementor-widget-container">
									<h2><a name="_Toc17281784"></a>Weinjahr 1995</h2>
Im Juli gab es eine <a href="https://www.oesterreichwein.at/unser-wein/weinglossar-von-a-z/?tx_a21glossary%5Buid%5D=502&amp;cHash=f54e9fa9c9eed75d13a60e955f66a42b">lang</a> anhaltende Hitzeperiode und gut verteilte Niederschläge. Im August hingegen setzten ungünstige Witterungsverhältnisse ein, dies führte zu <a href="https://www.oesterreichwein.at/unser-wein/weinglossar-von-a-z/?tx_a21glossary%5Buid%5D=599&amp;cHash=8cd61a2b81f534e7e906d1837b75bd49">Oidium</a>-Probleme. Eine kalte und nasse Witterungsperiode in der ersten Septemberhälfte war verantwortlich für verbreitete Traubenfäulnisse.

Die Zuckerwerte entwickelten sich trotzdem gut, nach langer Zeit gab es wieder gute Säurewerte. Anfang Oktober, nach ausreichender Primärinfektion mit Botrytis cinerea, setzte eine <a href="https://www.oesterreichwein.at/unser-wein/weinglossar-von-a-z/?tx_a21glossary%5Buid%5D=873&amp;cHash=32beb48e5d9044204a82a50e6e6a5549">trocken</a>-warme Periode ein. Die meist guten Säurewerte gaben den Weinen Rückgrat, sodass es in allen Gebieten Weine von recht guter <a href="https://www.oesterreichwein.at/unser-wein/weinglossar-von-a-z/?tx_a21glossary%5Buid%5D=651&amp;cHash=6f0d86eaa8efe36a8f88d34d24b97c5d">Qualität</a> gab. Der Jahrgang kann in Summe als ausgezeichneter Prädikatsweinjahrgang bezeichnet werden.								</div>
				</div>
					</div>
				</div>
				</div>

<p>Kostnotizen Familie Steininger</p>
<p>Durch den nassen niederschlagsreichen Herbst hatten wir in unserem Gebiet mit sehr starken Botrytisdruck zu kämpfen. Durch exaktes Aussortieren der Trauben stiegen die Zuckerwerte und somit auch der Alkoholgehalt und die Extraktwerte. 1995 war der erste Jahrgang unseres Markenweines „Grüner Veltliner Grand Grü“ &#8211; der Anfang einer Erfolgsgeschichte. Der Grand Grü 1995 ist leider nur in der Halbliterflasche abgefüllt.&nbsp;</p>
<h4>19 von 20 Punkten</h4>
<p>Preis auf Anfrage: office@weingut-steininger.at</p>
