{"id":6898,"date":"2020-08-31T13:32:53","date_gmt":"2020-08-31T11:32:53","guid":{"rendered":"https:\/\/www.weingut-steininger.at\/?post_type=product&#038;p=6898"},"modified":"2025-01-15T12:55:45","modified_gmt":"2025-01-15T10:55:45","slug":"gruener-veltliner-1993","status":"publish","type":"product","link":"https:\/\/www.weingut-steininger.at\/en\/online-vinothek\/weine\/gruener-veltliner-1993\/","title":{"rendered":"Gr\u00fcner Veltliner 1993"},"content":{"rendered":"<h1><a name=\"_Toc17281872\"><\/a>Weinjahr 1993<\/h1>\n<p>Ein <a href=\"https:\/\/www.oesterreichwein.at\/unser-wein\/weinglossar-von-a-z\/?tx_a21glossary%5Buid%5D=502&amp;cHash=f54e9fa9c9eed75d13a60e955f66a42b\">lang<\/a> anhaltender Winter bewirkte anf\u00e4nglich einen Vegetationsr\u00fcckstand, der im April infolge rascher Wetterverbesserung schlagartig aufgeholt wurde. Danach gab es kr\u00e4ftiges Wachstum der Reben. Ein trockener Mai beg\u00fcnstigte eine fr\u00fche <a href=\"https:\/\/www.oesterreichwein.at\/unser-wein\/weinglossar-von-a-z\/?tx_a21glossary%5Buid%5D=120&amp;cHash=2ef20fe273ca1540d5debdc804fb03c6\">Bl\u00fcte<\/a>. Der Juli war k\u00fchl, mit nur wenigen Sonnentagen. Im Vergleich zum wuchtigen, s\u00e4urearmen, alkoholreichen Jahrgang 1992 brachte der neue Wein mehr <a href=\"https:\/\/www.oesterreichwein.at\/unser-wein\/weinglossar-von-a-z\/?tx_a21glossary%5Buid%5D=287&amp;cHash=707cbcc6e1c2ceeb884c923f8bcf9c69\">Frucht<\/a> als Wucht, mehr Eleganz als Substanz, begleitet von harmonischer <a href=\"https:\/\/www.oesterreichwein.at\/unser-wein\/weinglossar-von-a-z\/?tx_a21glossary%5Buid%5D=721&amp;cHash=c1927f322f186c682ca8d20da293c490\">S\u00e4ure<\/a>.<\/p>\n","protected":false},"excerpt":{"rendered":"<h3>&nbsp;<\/h3>\n<p>Preis auf Anfrage: office@weingut-steininger.at<\/p>\n","protected":false},"featured_media":5708,"template":"","meta":{"_acf_changed":false},"product_brand":[],"product_cat":[729,363,303],"product_tag":[],"class_list":{"0":"post-6898","1":"product","2":"type-product","3":"status-publish","4":"has-post-thumbnail","6":"product_cat-altweinkeller","7":"product_cat-gereifte-weine","8":"product_cat-gereifte-weine-sekte","9":"pa_gebinde-075-l","10":"pa_jahrgang-354","11":"pa_rebsorte-gv","12":"description-off","14":"first","15":"instock","16":"taxable","17":"shipping-taxable","18":"product-type-simple"},"bundled_by":[],"bundle_stock_status":"instock","bundle_stock_quantity":null,"bundle_virtual":false,"bundle_layout":"","bundle_add_to_cart_form_location":"","bundle_editable_in_cart":false,"bundle_sold_individually_context":"","bundle_item_grouping":"","bundle_min_size":"","bundle_max_size":"","bundle_price":[],"bundled_items":[],"bundle_sell_ids":[],"acf":[],"_links":{"self":[{"href":"https:\/\/www.weingut-steininger.at\/en\/wp-json\/wp\/v2\/product\/6898","targetHints":{"allow":["GET"]}}],"collection":[{"href":"https:\/\/www.weingut-steininger.at\/en\/wp-json\/wp\/v2\/product"}],"about":[{"href":"https:\/\/www.weingut-steininger.at\/en\/wp-json\/wp\/v2\/types\/product"}],"version-history":[{"count":2,"href":"https:\/\/www.weingut-steininger.at\/en\/wp-json\/wp\/v2\/product\/6898\/revisions"}],"predecessor-version":[{"id":18782,"href":"https:\/\/www.weingut-steininger.at\/en\/wp-json\/wp\/v2\/product\/6898\/revisions\/18782"}],"wp:featuredmedia":[{"embeddable":true,"href":"https:\/\/www.weingut-steininger.at\/en\/wp-json\/wp\/v2\/media\/5708"}],"wp:attachment":[{"href":"https:\/\/www.weingut-steininger.at\/en\/wp-json\/wp\/v2\/media?parent=6898"}],"wp:term":[{"taxonomy":"product_brand","embeddable":true,"href":"https:\/\/www.weingut-steininger.at\/en\/wp-json\/wp\/v2\/product_brand?post=6898"},{"taxonomy":"product_cat","embeddable":true,"href":"https:\/\/www.weingut-steininger.at\/en\/wp-json\/wp\/v2\/product_cat?post=6898"},{"taxonomy":"product_tag","embeddable":true,"href":"https:\/\/www.weingut-steininger.at\/en\/wp-json\/wp\/v2\/product_tag?post=6898"}],"curies":[{"name":"wp","href":"https:\/\/api.w.org\/{rel}","templated":true}]}}

Grüner Veltliner 1993

<h1><a name="_Toc17281872"></a>Weinjahr 1993</h1>
<p>Ein <a href="https://www.oesterreichwein.at/unser-wein/weinglossar-von-a-z/?tx_a21glossary%5Buid%5D=502&amp;cHash=f54e9fa9c9eed75d13a60e955f66a42b">lang</a> anhaltender Winter bewirkte anfänglich einen Vegetationsrückstand, der im April infolge rascher Wetterverbesserung schlagartig aufgeholt wurde. Danach gab es kräftiges Wachstum der Reben. Ein trockener Mai begünstigte eine frühe <a href="https://www.oesterreichwein.at/unser-wein/weinglossar-von-a-z/?tx_a21glossary%5Buid%5D=120&amp;cHash=2ef20fe273ca1540d5debdc804fb03c6">Blüte</a>. Der Juli war kühl, mit nur wenigen Sonnentagen. Im Vergleich zum wuchtigen, säurearmen, alkoholreichen Jahrgang 1992 brachte der neue Wein mehr <a href="https://www.oesterreichwein.at/unser-wein/weinglossar-von-a-z/?tx_a21glossary%5Buid%5D=287&amp;cHash=707cbcc6e1c2ceeb884c923f8bcf9c69">Frucht</a> als Wucht, mehr Eleganz als Substanz, begleitet von harmonischer <a href="https://www.oesterreichwein.at/unser-wein/weinglossar-von-a-z/?tx_a21glossary%5Buid%5D=721&amp;cHash=c1927f322f186c682ca8d20da293c490">Säure</a>.</p>
